{"id":773,"date":"2017-01-09T16:25:42","date_gmt":"2017-01-09T15:25:42","guid":{"rendered":"http:\/\/tsv.teckbotenpokal2015.de\/leichtathletik\/?page_id=773"},"modified":"2017-01-09T16:25:42","modified_gmt":"2017-01-09T15:25:42","slug":"berichte","status":"publish","type":"page","link":"https:\/\/www.tsv-oetlingen.de\/leichtathletik\/berichte\/","title":{"rendered":"Berichte"},"content":{"rendered":"<div id=\"pl-773\"  class=\"panel-layout\" ><div id=\"pg-773-0\"  class=\"panel-grid panel-no-style\" ><div id=\"pgc-773-0-0\"  class=\"panel-grid-cell\" ><div id=\"panel-773-0-0-0\" class=\"so-panel widget widget_sow-editor panel-first-child panel-last-child\" data-index=\"0\" ><div\n\t\t\t\n\t\t\tclass=\"so-widget-sow-editor so-widget-sow-editor-base\"\n\t\t\t\n\t\t><h3 class=\"widget-title\">Berichte<\/h3>\n<div class=\"siteorigin-widget-tinymce textwidget\">\n\t<div class=\"pt-cv-wrapper\">\n<div class=\"pt-cv-view pt-cv-one_others pt-cv-colsys pt-cv-left pt-cv-sharp-buttons\" id=\"pt-cv-view-522ce60zu2\">\n<div data-id=\"pt-cv-page-1\" class=\"pt-cv-page\" data-cvc=\"1\">\n<div class=\"col-md-12 pt-cv-ocol\">\n<div class=\"col-md-12 pt-cv-omain pt-cv-content-item pt-cv-2-col\"  data-pid=\"2271\">\n<div class='pt-cv-ifield'><a href=\"https:\/\/www.tsv-oetlingen.de\/leichtathletik\/2023\/06\/15\/vereinsmeisterschaften\/\" class=\"_self pt-cv-href-thumbnail pt-cv-thumb-left cvplbd\" target=\"_self\" ><img loading=\"lazy\" decoding=\"async\" width=\"150\" height=\"150\" src=\"https:\/\/www.tsv-oetlingen.de\/leichtathletik\/wp-content\/uploads\/sites\/4\/2017\/01\/Startseite-Hero-150x150.gif\" class=\"pt-cv-thumbnail img-none pull-left\" alt=\"\" srcset=\"https:\/\/www.tsv-oetlingen.de\/leichtathletik\/wp-content\/uploads\/sites\/4\/2017\/01\/Startseite-Hero-150x150.gif 150w, https:\/\/www.tsv-oetlingen.de\/leichtathletik\/wp-content\/uploads\/sites\/4\/2017\/01\/Startseite-Hero-100x100.gif 100w\" sizes=\"auto, (max-width: 150px) 100vw, 150px\" \/><\/a><\/p>\n<h4 class=\"pt-cv-title\"><a href=\"https:\/\/www.tsv-oetlingen.de\/leichtathletik\/2023\/06\/15\/vereinsmeisterschaften\/\" class=\"_self cvplbd\" target=\"_self\" >Vereinsmeisterschaften Leichtathletik 2023, Fr. 30. Juni 2023<\/a><\/h4>\n<div class=\"pt-cv-content\">Ausschreibung Sch\u00fclerinnen und Sch\u00fcler Einladung Abteilungsversammlung 2026 2026-03-18_Einladung-Abtversammlung_LA.pdf Dateigr\u00f6\u00dfe: 74,87 KB Datei herunterladen -&gt; zur\u00fcck zu Kirchheimer Waldlauf -&gt; zur\u00fcck ...<\/p>\n<div class=\"pt-cv-rmwrap\"><a href=\"https:\/\/www.tsv-oetlingen.de\/leichtathletik\/2023\/06\/15\/vereinsmeisterschaften\/\" class=\"_self pt-cv-readmore btn btn-primary cvplbd\" target=\"_self\">Weiterlesen \u2026<\/a><\/div>\n<\/div>\n<\/div>\n<\/div>\n<\/div>\n<div class=\"col-md-12 pt-cv-ocol\">\n<div class=\"col-md-3 pt-cv-oothers col-sm-6 col-xs-12 pt-cv-content-item pt-cv-2-col\"  data-pid=\"4096\">\n<div class='pt-cv-ifield'><a href=\"https:\/\/www.tsv-oetlingen.de\/leichtathletik\/2022\/03\/12\/31-waldlauf-stadtmeisterschaften-2016-2-3-2\/\" class=\"_self pt-cv-href-thumbnail pt-cv-thumb-left cvplbd\" target=\"_self\" ><img loading=\"lazy\" decoding=\"async\" width=\"219\" height=\"80\" src=\"https:\/\/www.tsv-oetlingen.de\/leichtathletik\/wp-content\/uploads\/sites\/4\/2016\/12\/P1020678_02-e1488647362259-219x80.jpg\" class=\"pt-cv-thumbnail img-none pull-left\" alt=\"\" \/><\/a><\/p>\n<h4 class=\"pt-cv-title\"><a href=\"https:\/\/www.tsv-oetlingen.de\/leichtathletik\/2022\/03\/12\/31-waldlauf-stadtmeisterschaften-2016-2-3-2\/\" class=\"_self cvplbd\" target=\"_self\" >Absage Kirchheimer Waldlaufmeisterschaften<\/a><\/h4>\n<div class=\"pt-cv-meta-fields\"><span class=\"entry-date\"> <time datetime=\"2022-03-12T12:08:35+01:00\">12. M\u00e4rz 2022<\/time><\/span><\/div>\n<\/div>\n<\/div>\n<\/div>\n<\/div>\n<\/div>\n<\/div>\n<style type=\"text\/css\" id=\"pt-cv-inline-style-4ca243fedj\">#pt-cv-view-522ce60zu2  .pt-cv-content-item:hover .pt-cv-hover-wrapper::before   { background: rgba(51,51,51,.6) !important; }\n#pt-cv-view-522ce60zu2:not(.pt-cv-nohover) .pt-cv-mask *   { color: #fff !important; }\n#pt-cv-view-522ce60zu2 .pt-cv-carousel-caption  { background: rgba(51,51,51,.6) !important; }\n#pt-cv-view-522ce60zu2 .pt-cv-specialp * { font-weight: 600 !important; color: #fff !important; background: #CC3333 !important; }\n#pt-cv-view-522ce60zu2 .pt-cv-pficon  { color: #bbb !important; }\n#pt-cv-view-522ce60zu2  .add_to_cart_button, #pt-cv-view-522ce60zu2  .add_to_cart_button *   { color: #ffffff !important; background: #00aeef !important; }\n#pt-cv-view-522ce60zu2  .woocommerce-onsale   { color: #ffffff !important; background: #ff5a5f !important; }\n#pt-cv-view-522ce60zu2 .pt-cv-readmore  { color: #ffffff !important; }\n#pt-cv-view-522ce60zu2  + .pt-cv-pagination-wrapper .pt-cv-more , #pt-cv-view-522ce60zu2  + .pt-cv-pagination-wrapper .pagination .active a { color: #ffffff !important; background: #00aeef !important; }\n#pt-cv-view-522ce60zu2 .pt-cv-gls-header  { background: #00aeef !important; }\n@media (min-width: 992px) { #pt-cv-view-522ce60zu2 .pt-cv-ocol:nth-child(2) .pt-cv-href-thumbnail img, #pt-cv-view-522ce60zu2 .pt-cv-ocol:nth-child(2) .pt-cv-href-thumbnail iframe { width: 219px !important; } }\n#pt-cv-view-522ce60zu2 { text-align: left; }<\/style><\/p>\n<\/div>\n<\/div><\/div><\/div><\/div><\/div>","protected":false},"excerpt":{"rendered":"<p>Berichte Vereinsmeisterschaften Leichtathletik 2023, Fr. 30. Juni 2023 Ausschreibung Sch\u00fclerinnen und Sch\u00fcler Einladung Abteilungsversammlung 2026 2026-03-18_Einladung-Abtversammlung_LA.pdf Dateigr\u00f6\u00dfe: 74,87 KB Datei herunterladen -&gt; zur\u00fcck zu Kirchheimer Waldlauf -&gt; zur\u00fcck &#8230; Weiterlesen [&hellip;]<\/p>\n","protected":false},"author":1,"featured_media":0,"parent":0,"menu_order":0,"comment_status":"closed","ping_status":"closed","template":"","meta":{"_genesis_hide_title":false,"_genesis_hide_breadcrumbs":false,"_genesis_hide_singular_image":false,"_genesis_hide_footer_widgets":false,"_genesis_custom_body_class":"","_genesis_custom_post_class":"","_genesis_layout":"","footnotes":""},"class_list":["post-773","page","type-page","status-publish","entry"],"publishpress_future_action":{"enabled":false,"date":"2026-05-09 08:33:02","action":"change-status","newStatus":"draft","terms":[],"taxonomy":""},"_links":{"self":[{"href":"https:\/\/www.tsv-oetlingen.de\/leichtathletik\/wp-json\/wp\/v2\/pages\/773","targetHints":{"allow":["GET"]}}],"collection":[{"href":"https:\/\/www.tsv-oetlingen.de\/leichtathletik\/wp-json\/wp\/v2\/pages"}],"about":[{"href":"https:\/\/www.tsv-oetlingen.de\/leichtathletik\/wp-json\/wp\/v2\/types\/page"}],"author":[{"embeddable":true,"href":"https:\/\/www.tsv-oetlingen.de\/leichtathletik\/wp-json\/wp\/v2\/users\/1"}],"replies":[{"embeddable":true,"href":"https:\/\/www.tsv-oetlingen.de\/leichtathletik\/wp-json\/wp\/v2\/comments?post=773"}],"version-history":[{"count":0,"href":"https:\/\/www.tsv-oetlingen.de\/leichtathletik\/wp-json\/wp\/v2\/pages\/773\/revisions"}],"wp:attachment":[{"href":"https:\/\/www.tsv-oetlingen.de\/leichtathletik\/wp-json\/wp\/v2\/media?parent=773"}],"curies":[{"name":"wp","href":"https:\/\/api.w.org\/{rel}","templated":true}]}}

<div id="pl-773"  class="panel-layout" ><div id="pg-773-0"  class="panel-grid panel-no-style" ><div id="pgc-773-0-0"  class="panel-grid-cell" ><div id="panel-773-0-0-0" class="so-panel widget widget_sow-editor panel-first-child panel-last-child" data-index="0" ><div
			
			class="so-widget-sow-editor so-widget-sow-editor-base"
			
		><h3 class="widget-title">Berichte</h3>
<div class="siteorigin-widget-tinymce textwidget">
	<div class="pt-cv-wrapper">
<div class="pt-cv-view pt-cv-one_others pt-cv-colsys pt-cv-left pt-cv-sharp-buttons" id="pt-cv-view-522ce60zu2">
<div data-id="pt-cv-page-1" class="pt-cv-page" data-cvc="1">
<div class="col-md-12 pt-cv-ocol">
<div class="col-md-12 pt-cv-omain pt-cv-content-item pt-cv-2-col"  data-pid="2271">
<div class='pt-cv-ifield'><a href="https://www.tsv-oetlingen.de/leichtathletik/2023/06/15/vereinsmeisterschaften/" class="_self pt-cv-href-thumbnail pt-cv-thumb-left cvplbd" target="_self" ><img loading="lazy" decoding="async" width="150" height="150" src="https://www.tsv-oetlingen.de/leichtathletik/wp-content/uploads/sites/4/2017/01/Startseite-Hero-150x150.gif" class="pt-cv-thumbnail img-none pull-left" alt="" srcset="https://www.tsv-oetlingen.de/leichtathletik/wp-content/uploads/sites/4/2017/01/Startseite-Hero-150x150.gif 150w, https://www.tsv-oetlingen.de/leichtathletik/wp-content/uploads/sites/4/2017/01/Startseite-Hero-100x100.gif 100w" sizes="auto, (max-width: 150px) 100vw, 150px" /></a></p>
<h4 class="pt-cv-title"><a href="https://www.tsv-oetlingen.de/leichtathletik/2023/06/15/vereinsmeisterschaften/" class="_self cvplbd" target="_self" >Vereinsmeisterschaften Leichtathletik 2023, Fr. 30. Juni 2023</a></h4>
<div class="pt-cv-content">Ausschreibung Schülerinnen und Schüler Einladung Abteilungsversammlung 2026 2026-03-18_Einladung-Abtversammlung_LA.pdf Dateigröße: 74,87 KB Datei herunterladen -&gt; zurück zu Kirchheimer Waldlauf -&gt; zurück ...</p>
<div class="pt-cv-rmwrap"><a href="https://www.tsv-oetlingen.de/leichtathletik/2023/06/15/vereinsmeisterschaften/" class="_self pt-cv-readmore btn btn-primary cvplbd" target="_self">Weiterlesen …</a></div>
</div>
</div>
</div>
</div>
<div class="col-md-12 pt-cv-ocol">
<div class="col-md-3 pt-cv-oothers col-sm-6 col-xs-12 pt-cv-content-item pt-cv-2-col"  data-pid="4096">
<div class='pt-cv-ifield'><a href="https://www.tsv-oetlingen.de/leichtathletik/2022/03/12/31-waldlauf-stadtmeisterschaften-2016-2-3-2/" class="_self pt-cv-href-thumbnail pt-cv-thumb-left cvplbd" target="_self" ><img loading="lazy" decoding="async" width="219" height="80" src="https://www.tsv-oetlingen.de/leichtathletik/wp-content/uploads/sites/4/2016/12/P1020678_02-e1488647362259-219x80.jpg" class="pt-cv-thumbnail img-none pull-left" alt="" /></a></p>
<h4 class="pt-cv-title"><a href="https://www.tsv-oetlingen.de/leichtathletik/2022/03/12/31-waldlauf-stadtmeisterschaften-2016-2-3-2/" class="_self cvplbd" target="_self" >Absage Kirchheimer Waldlaufmeisterschaften</a></h4>
<div class="pt-cv-meta-fields"><span class="entry-date"> <time datetime="2022-03-12T12:08:35+01:00">12. März 2022</time></span></div>
</div>
</div>
</div>
</div>
</div>
</div>
<style type="text/css" id="pt-cv-inline-style-4ca243fedj">#pt-cv-view-522ce60zu2  .pt-cv-content-item:hover .pt-cv-hover-wrapper::before   { background: rgba(51,51,51,.6) !important; }
#pt-cv-view-522ce60zu2:not(.pt-cv-nohover) .pt-cv-mask *   { color: #fff !important; }
#pt-cv-view-522ce60zu2 .pt-cv-carousel-caption  { background: rgba(51,51,51,.6) !important; }
#pt-cv-view-522ce60zu2 .pt-cv-specialp * { font-weight: 600 !important; color: #fff !important; background: #CC3333 !important; }
#pt-cv-view-522ce60zu2 .pt-cv-pficon  { color: #bbb !important; }
#pt-cv-view-522ce60zu2  .add_to_cart_button, #pt-cv-view-522ce60zu2  .add_to_cart_button *   { color: #ffffff !important; background: #00aeef !important; }
#pt-cv-view-522ce60zu2  .woocommerce-onsale   { color: #ffffff !important; background: #ff5a5f !important; }
#pt-cv-view-522ce60zu2 .pt-cv-readmore  { color: #ffffff !important; }
#pt-cv-view-522ce60zu2  + .pt-cv-pagination-wrapper .pt-cv-more , #pt-cv-view-522ce60zu2  + .pt-cv-pagination-wrapper .pagination .active a { color: #ffffff !important; background: #00aeef !important; }
#pt-cv-view-522ce60zu2 .pt-cv-gls-header  { background: #00aeef !important; }
@media (min-width: 992px) { #pt-cv-view-522ce60zu2 .pt-cv-ocol:nth-child(2) .pt-cv-href-thumbnail img, #pt-cv-view-522ce60zu2 .pt-cv-ocol:nth-child(2) .pt-cv-href-thumbnail iframe { width: 219px !important; } }
#pt-cv-view-522ce60zu2 { text-align: left; }</style></p>
</div>
</div></div></div></div></div>

<p>Berichte Vereinsmeisterschaften Leichtathletik 2023, Fr. 30. Juni 2023 Ausschreibung Schülerinnen und Schüler Einladung Abteilungsversammlung 2026 2026-03-18_Einladung-Abtversammlung_LA.pdf Dateigröße: 74,87 KB Datei herunterladen -&gt; zurück zu Kirchheimer Waldlauf -&gt; zurück &#8230; Weiterlesen [&hellip;]</p>
